.
2, 263
What are the prime factors of 19894?
2, 7, 29
What are the prime factors of 1288?
2, 7, 23
What are the prime factors of 15208?
2, 1901
List the prime factors of 6002.
2, 3001
List the prime factors of 2049.
3, 683
What are the prime factors of 2841?
3, 947
List the prime factors of 20242.
2, 29, 349
What are the prime factors of 30669?
3, 10223
List the prime factors of 31166.
2, 15583
List the prime factors of 9021.
3, 31, 97
List the prime factors of 24905.
5, 17, 293
List the prime factors of 1268.
2, 317
List the prime factors of 16668.
2, 3, 463
List the prime factors of 11068.
2, 2767
What are the prime factors of 3123?
3, 347
List the prime factors of 83761.
83761
List the prime factors of 28018.
2, 14009
What are the prime factors of 443?
443
What are the prime factors of 311?
311
List the prime factors of 2411.
2411
List the prime factors of 945.
3, 5, 7
What are the prime factors of 16511?
11, 19, 79
What are the prime factors of 10190?
2, 5, 1019
List the prime factors of 626.
2, 313
What are the prime factors of 1012?
2, 11, 23
What are the prime factors of 1324?
2, 331
List the prime factors of 381.
3, 127
List the prime factors of 690.
2, 3, 5, 23
List the prime factors of 11090.
2, 5, 1109
List the prime factors of 29.
29
List the prime factors of 43715.
5, 7, 1249
What are the prime factors of 137719?
41, 3359
List the prime factors of 37424.
2, 2339
What are the prime factors of 32575?
5, 1303
What are the prime factors of 1137?
3, 379
List the prime factors of 1792.
2, 7
List the prime factors of 12508.
2, 53, 59
List the prime factors of 103942.
2, 51971
List the prime factors of 8096.
2, 11, 23
What are the prime factors of 36733?
109, 337
List the prime factors of 8931.
3, 13, 229
What are the prime factors of 107606?
2, 173, 311
List the prime factors of 1153.
1153
What are the prime factors of 24947?
13, 19, 101
List the prime factors of 705.
3, 5, 47
What are the prime factors of 3453?
3, 1151
What are the prime factors of 78?
2, 3, 13
List the prime factors of 59184.
2, 3, 137
List the prime factors of 496.
2, 31
What are the prime factors of 12826?
2, 11, 53
What are the prime factors of 1257?
3, 419
What are the prime factors of 1921?
17, 113
List the prime factors of 339.
3, 113
What are the prime factors of 4624?
2, 17
What are the prime factors of 5046?
2, 3, 29
What are the prime factors of 1682?
2, 29
List the prime factors of 7359.
3, 11, 223
What are the prime factors of 1597?
1597
List the prime factors of 17642.
2, 8821
List the prime factors of 6942.
2, 3, 13, 89
What are the prime factors of 741?
3, 13, 19
What are the prime factors of 4508?
2, 7, 23
List the prime factors of 2341.
2341
What are the prime factors of 1924?
2, 13, 37
What are the prime factors of 519?
3, 173
What are the prime factors of 1668?
2, 3, 139
What are the prime factors of 796?
2, 199
What are the prime factors of 41340?
2, 3, 5, 13, 53
What are the prime factors of 57864?
2, 3, 2411
What are the prime factors of 638?
2, 11, 29
What are the prime factors of 116165?
5, 7, 3319
List the prime factors of 72077.
72077
What are the prime factors of 1045?
5, 11, 19
What are the prime factors of 35067?
3, 11689
List the prime factors of 3091.
11, 281
What are the prime factors of 481?
13, 37
What are the prime factors of 8115?
3, 5, 541
List the prime factors of 5426.
2, 2713
List the prime factors of 18679.
18679
What are the prime factors of 1892?
2, 11, 43
What are the prime factors of 23213?
139, 167
What are the prime factors of 1339?
13, 103
List the prime factors of 47701.
47701
List the prime factors of 5248.
2, 41
What are the prime factors of 5318?
2, 2659
What are the prime factors of 1605?
3, 5, 107
What are the prime factors of 601?
601
What are the prime factors of 6024?
2, 3, 251
List the prime factors of 211.
211
List the prime factors of 85884.
2, 3, 17, 421
List the prime factors of 44728.
2, 5591
List the prime factors of 46561.
101, 461
List the prime factors of 3477.
3, 19, 61
List the prime factors of 4928.
2, 7, 11
What are the prime factors of 4602?
2, 3, 13, 59
List the prime factors of 16255.
5, 3251
What are the prime factors of 5847?
3, 1949
List the prime factors of 911.
911
What are the prime factors of 1117?
1117
What are the prime factors of 8032?
2, 251
List the prime factors of 2500.
2, 5
What are the prime factors of 21775?
5, 13, 67
What are the prime factors of 77575?
5, 29, 107
List the prime factors of 7690.
2, 5, 769
What are the prime factors of 42931?
7, 6133
List the prime factors of 65511.
3, 29, 251
What are the prime factors of 14601?
3, 31, 157
What are the prime factors of 2212?
2, 7, 79
What are the prime factors of 640?
2, 5
What are the prime factors of 116072?
2, 11, 1319
List the prime factors of 3945.
3, 5, 263
What are the prime factors of 2081?
2081
What are the prime factors of 16393?
13, 97
List the prime factors of 5342.
2, 2671
List the prime factors of 3489.
3, 1163
List the prime factors of 1505.
5, 7, 43
List the prime factors of 30285.
3, 5, 673
What are the prime factors of 1478?
2, 739
List the prime factors of 85.
5, 17
What are the prime factors of 10683?
3, 1187
List the prime factors of 11557.
7, 13, 127
List the prime factors of 33327.
3, 7, 23
List the prime factors of 7223.
31, 233
What are the prime factors of 3193?
31, 103
What are the prime factors of 110043?
3, 12227
List the prime factors of 21172.
2, 67, 79
List the prime factors of 373.
373
List the prime factors of 1737.
3, 193
List the prime factors of 2414.
2, 17, 71
List the prime factors of 32379.
3, 43, 251
What are the prime factors of 26893?
26893
What are the prime factors of 26273?
13, 43, 47
List the prime factors of 37897.
37897
What are the prime factors of 40654?
2, 20327
List the prime factors of 61864.
2, 11, 19, 37
List the prime factors of 6794.
2, 43, 79
List the prime factors of 109.
109
What are the prime factors of 118516?
2, 29629
List the prime factors of 10068.
2, 3, 839
List the prime factors of 32934.
2, 3, 11, 499
List the prime factors of 554.
2, 277
What are the prime factors of 272?
2, 17
List the prime factors of 26984.
2, 3373
List the prime factors of 49947.
3, 16649
What are the prime factors of 50677?
11, 17, 271
What are the prime factors of 46490?
2, 5, 4649
List the prime factors of 77930.
2, 5, 7793
List the prime factors of 114.
2, 3, 19
What are the prime factors of 1042?
2, 521
List the prime factors of 109118.
2, 54559
What are the prime factors of 3438?
2, 3, 191
List the prime factors of 669.
3, 223
What are the prime factors of 20132?
2, 7, 719
What are the prime factors of 68412?
2, 3, 5701
What are the prime factors of 270?
2, 3, 5
What are the prime factors of 92578?
2, 41, 1129
What are the prime factors of 98885?
5, 19777
List the prime factors of 37383.
3, 17, 733
List the prime factors of 3905.
5, 11, 71
What are the prime factors of 9586?
2, 4793
List the prime factors of 404.
2, 101
What are the prime factors of 3145?
5, 17, 37
What are the prime factors of 2158?
2, 13, 83
What are the prime factors of 2620?
2, 5, 131
What are the prime factors of 51626?
2, 83, 311
List the prime factors of 13405.
5, 7, 383
List the prime factors of 1670.
2, 5, 167
List the prime factors of 3493.
7, 499
List the prime factors of 1347.
3, 449
List the prime factors of 64224.
2, 3, 223
What are the prime factors of 175?
5, 7
List the prime factors of 8944.
2, 13, 43
What are the prime factors of 97?
97
What are the prime factors of 2458?
2, 1229
List the prime factors of 36950.
2, 5, 739
What are the prime factors of 3152?
2, 197
What are the prime factors of 6492?
2, 3, 541
What are the prime factors of 2731?
2731
What are the prime factors of 77287?
7, 61, 181
What are the prime factors of 20958?
2, 3, 7, 499
List the prime factors of 1235.
5, 13, 19
List the prime factors of 9838.
2, 4919
List the prime factors of 62355.
3, 5, 4157
List the prime factors of 76943.
76943
What are the prime factors of 135?
3, 5
What are the prime factors of 7786?
2, 17, 229
List the prime factors of 377.
13, 29
List the prime factors of 449.
449
List the prime factors of 34477.
23, 1499
List the prime factors of 86280.
2, 3, 5, 719
What are the prime factors of 720?
2, 3, 5
